{"id":406,"date":"2026-04-13T18:22:16","date_gmt":"2026-04-13T16:22:16","guid":{"rendered":"https:\/\/od7bolesci.pl\/?post_type=product&#038;p=406"},"modified":"2026-04-14T12:20:58","modified_gmt":"2026-04-14T10:20:58","slug":"instant-love","status":"publish","type":"product","link":"https:\/\/od7bolesci.pl\/?product=instant-love","title":{"rendered":"Insta(nt) love"},"content":{"rendered":"<p><strong>Utalentowana studentka szczeci\u0144skiej Akademii Sztuki i znany influencer z Poznania nieoczekiwanie sp\u0119dzaj\u0105 razem walentynkowy wiecz\u00f3r, podczas kt\u00f3rego, mimo mi\u0142ej atmosfery, niewiele si\u0119 o sobie dowiaduj\u0105. Na koniec spotkania Rita tch\u00f3rzy i podaje Dominikowi nieprawid\u0142owy numer telefonu. Kilka miesi\u0119cy p\u00f3\u017aniej ch\u0142opak dostaje propozycj\u0119 wyst\u0105pienia na szczeci\u0144skiej uczelni w roli modela. Przyjmuje ofert\u0119, gdy w jego oczy rzuca si\u0119 zdj\u0119cie poznanej w walentynki dziewczyny, umieszczone na stronie szko\u0142y. Rita, nie\u015bmia\u0142a artystka, mimo usilnych stara\u0144 Dominika, unika spotka\u0144 z gwiazd\u0105 social medi\u00f3w.<\/strong><\/p>\n<p><strong>Czy wstydliwa studentka odwa\u017cy si\u0119 wyj\u015b\u0107 z cienia? Czy Dominik znajdzie drog\u0119 do jej serca? Czy Rita mimo tysi\u0119cy serduszek na profilu ch\u0142opaka odda mu swoje?<\/strong><\/p>\n<p><strong>Cho\u0107 t\u0119 histori\u0119 mo\u017cna czyta\u0107 bez znajomo\u015bci poprzedniego tomu, Dominika i Miko\u0142aj z \u201eRazem a\u017c po Szczyt\u201d wtr\u0105c\u0105 r\u00f3wnie\u017c tutaj swoje trzy grosze.<\/strong><\/p>\n","protected":false},"excerpt":{"rendered":"<p><strong>Drugi tom <em>Zakochanych bez pami\u0119ci<\/em>.<\/strong><\/p>\n<p><strong>Poznaj romantyczn\u0105 histori\u0119 Rity i Dominika \u2013 brata Miko\u0142aja z <em>Razem a\u017c po szczyt<\/em>.<\/strong><\/p>\n","protected":false},"featured_media":341,"comment_status":"open","ping_status":"closed","template":"","meta":[],"product_brand":[],"product_cat":[17],"product_tag":[26,18,27],"class_list":{"0":"post-406","1":"product","2":"type-product","3":"status-publish","4":"has-post-thumbnail","6":"product_cat-ksiazka","7":"product_tag-drugi-tom-zakochani-bez-pamieci","8":"product_tag-ksiazka","9":"product_tag-zakochani-bez-pamieci-tom-2","11":"first","12":"instock","13":"taxable","14":"shipping-taxable","15":"purchasable","16":"product-type-simple"},"_links":{"self":[{"href":"https:\/\/od7bolesci.pl\/index.php?rest_route=\/wp\/v2\/product\/406","targetHints":{"allow":["GET"]}}],"collection":[{"href":"https:\/\/od7bolesci.pl\/index.php?rest_route=\/wp\/v2\/product"}],"about":[{"href":"https:\/\/od7bolesci.pl\/index.php?rest_route=\/wp\/v2\/types\/product"}],"replies":[{"embeddable":true,"href":"https:\/\/od7bolesci.pl\/index.php?rest_route=%2Fwp%2Fv2%2Fcomments&post=406"}],"wp:featuredmedia":[{"embeddable":true,"href":"https:\/\/od7bolesci.pl\/index.php?rest_route=\/wp\/v2\/media\/341"}],"wp:attachment":[{"href":"https:\/\/od7bolesci.pl\/index.php?rest_route=%2Fwp%2Fv2%2Fmedia&parent=406"}],"wp:term":[{"taxonomy":"product_brand","embeddable":true,"href":"https:\/\/od7bolesci.pl\/index.php?rest_route=%2Fwp%2Fv2%2Fproduct_brand&post=406"},{"taxonomy":"product_cat","embeddable":true,"href":"https:\/\/od7bolesci.pl\/index.php?rest_route=%2Fwp%2Fv2%2Fproduct_cat&post=406"},{"taxonomy":"product_tag","embeddable":true,"href":"https:\/\/od7bolesci.pl\/index.php?rest_route=%2Fwp%2Fv2%2Fproduct_tag&post=406"}],"curies":[{"name":"wp","href":"https:\/\/api.w.org\/{rel}","templated":true}]}}