{"id":390,"date":"2026-04-10T18:58:45","date_gmt":"2026-04-10T16:58:45","guid":{"rendered":"https:\/\/od7bolesci.pl\/?post_type=product&#038;p=390"},"modified":"2026-04-14T12:28:22","modified_gmt":"2026-04-14T10:28:22","slug":"gra-warta-swiecznika","status":"publish","type":"product","link":"https:\/\/od7bolesci.pl\/?product=gra-warta-swiecznika","title":{"rendered":"Gra warta \u015bwiecznika"},"content":{"rendered":"<p><strong>Jedno przypadkowe spotkanie w centrum handlowym, kt\u00f3re mia\u0142o si\u0119 nie powt\u00f3rzy\u0107.<\/strong><\/p>\n<p><strong>Jedno opakowanie czekoladek, kt\u00f3rymi postanowili si\u0119 podzieli\u0107.<\/strong><\/p>\n<p><strong>Jeden s\u0142odki ca\u0142us, kt\u00f3ry mia\u0142 pozosta\u0107 tylko przyjemnym wspomnieniem.<\/strong><\/p>\n<p><strong>Poznaj histori\u0119 Oliwii i B\u0142a\u017ceja, kt\u00f3rzy w ramach grudniowej <em>magii \u015bwi\u0105t<\/em> dostaj\u0105 szans\u0119 na zas\u0142u\u017cony u\u015bmiech od losu.<\/strong><\/p>\n<p><strong>Czy j\u0105 wykorzystaj\u0105?<\/strong><\/p>\n<p><strong>Czy gwiazdkowy klimat wystarczy, by z przypadkowej znajomo\u015bci zrodzi\u0142o si\u0119 <em>prawdziwe uczucie<\/em>?<\/strong><\/p>\n","protected":false},"excerpt":{"rendered":"<p><strong>Czekoladki lodowe, kiczowaty \u015bwiecznik, kocur z charakterem, rezolutna siostrzenica i ich dwoje, czyli idealny przepis na <em>zimow\u0105 opowie\u015b\u0107<\/em>.<\/strong><\/p>\n","protected":false},"featured_media":320,"comment_status":"open","ping_status":"closed","template":"","meta":[],"product_brand":[],"product_cat":[17],"product_tag":[18,24,23,22],"class_list":{"0":"post-390","1":"product","2":"type-product","3":"status-publish","4":"has-post-thumbnail","6":"product_cat-ksiazka","7":"product_tag-ksiazka","8":"product_tag-magia-swiat","9":"product_tag-prawdziwe-uczucie","10":"product_tag-zimowa-opowiesc","12":"first","13":"instock","14":"taxable","15":"shipping-taxable","16":"purchasable","17":"product-type-simple"},"_links":{"self":[{"href":"https:\/\/od7bolesci.pl\/index.php?rest_route=\/wp\/v2\/product\/390","targetHints":{"allow":["GET"]}}],"collection":[{"href":"https:\/\/od7bolesci.pl\/index.php?rest_route=\/wp\/v2\/product"}],"about":[{"href":"https:\/\/od7bolesci.pl\/index.php?rest_route=\/wp\/v2\/types\/product"}],"replies":[{"embeddable":true,"href":"https:\/\/od7bolesci.pl\/index.php?rest_route=%2Fwp%2Fv2%2Fcomments&post=390"}],"wp:featuredmedia":[{"embeddable":true,"href":"https:\/\/od7bolesci.pl\/index.php?rest_route=\/wp\/v2\/media\/320"}],"wp:attachment":[{"href":"https:\/\/od7bolesci.pl\/index.php?rest_route=%2Fwp%2Fv2%2Fmedia&parent=390"}],"wp:term":[{"taxonomy":"product_brand","embeddable":true,"href":"https:\/\/od7bolesci.pl\/index.php?rest_route=%2Fwp%2Fv2%2Fproduct_brand&post=390"},{"taxonomy":"product_cat","embeddable":true,"href":"https:\/\/od7bolesci.pl\/index.php?rest_route=%2Fwp%2Fv2%2Fproduct_cat&post=390"},{"taxonomy":"product_tag","embeddable":true,"href":"https:\/\/od7bolesci.pl\/index.php?rest_route=%2Fwp%2Fv2%2Fproduct_tag&post=390"}],"curies":[{"name":"wp","href":"https:\/\/api.w.org\/{rel}","templated":true}]}}