{"id":274,"date":"2025-06-23T17:01:15","date_gmt":"2025-06-23T15:01:15","guid":{"rendered":"https:\/\/od7bolesci.pl\/?page_id=274"},"modified":"2025-06-23T17:02:10","modified_gmt":"2025-06-23T15:02:10","slug":"zalacznik","status":"publish","type":"page","link":"https:\/\/od7bolesci.pl\/?page_id=274","title":{"rendered":"Za\u0142\u0105cznik"},"content":{"rendered":"\t\t<div data-elementor-type=\"wp-page\" data-elementor-id=\"274\" class=\"elementor elementor-274\">\n\t\t\t\t<div class=\"elementor-element elementor-element-7cf2197 e-flex e-con-boxed e-con e-parent\" data-id=\"7cf2197\" data-element_type=\"container\">\n\t\t\t\t\t<div class=\"e-con-inner\">\n\t\t\t\t<div class=\"elementor-element elementor-element-1402cfd elementor-widget elementor-widget-text-editor\" data-id=\"1402cfd\" data-element_type=\"widget\" data-widget_type=\"text-editor.default\">\n\t\t\t\t<div class=\"elementor-widget-container\">\n\t\t\t\t\t\t\t\t\t<p>WZ\u00d3R FORMULARZA ODST\u0104PIENIA OD UMOWY (ZA\u0141\u0104CZNIK NUMER 2 DO USTAWY O PRAWACH KONSUMENTA)<\/p><p align=\"center\"><strong>Wz\u00f3r formularza odst\u0105pienia od umowy<br \/><\/strong><em>(formularz ten nale\u017cy wype\u0142ni\u0107 i odes\u0142a\u0107 tylko w przypadku ch\u0119ci odst\u0105pienia od umowy)<\/em><\/p><p>\u2013 Adresat:<\/p><p align=\"center\">_____________________________________________________________<\/p><p align=\"center\"><em>[w tym miejscu nale\u017cy wpisa\u0107 nazw\u0119 przedsi\u0119biorcy, pe\u0142ny adres pocztowy oraz, o ile jest dost\u0119pny adres e-mail]<\/em><\/p><p>\u2013 Ja\/My(*) niniejszym informuj\u0119\/informujemy(*) o moim\/naszym odst\u0105pieniu od umowy sprzeda\u017cy nast\u0119puj\u0105cych rzeczy(*) umowy dostawy nast\u0119puj\u0105cych rzeczy(*) umowy o dzie\u0142o polegaj\u0105cej na wykonaniu nast\u0119puj\u0105cych rzeczy(*)\/o \u015bwiadczenie nast\u0119puj\u0105cej us\u0142ugi(*)<\/p><p>\u2013 Data zawarcia umowy(*)\/odbioru(*)<\/p><p>\u2013 Imi\u0119 i nazwisko konsumenta(-\u00f3w)<\/p><p>\u2013 Adres konsumenta(-\u00f3w)<\/p><p>\u2013 Podpis konsumenta(-\u00f3w) (tylko je\u017celi formularz jest przesy\u0142any w wersji papierowej)<\/p><p>\u2013 Data<\/p><p>(*) Niepotrzebne skre\u015bli\u0107.<\/p>\t\t\t\t\t\t\t\t<\/div>\n\t\t\t\t<\/div>\n\t\t\t\t\t<\/div>\n\t\t\t\t<\/div>\n\t\t\t\t<\/div>\n\t\t","protected":false},"excerpt":{"rendered":"<p>WZ\u00d3R FORMULARZA ODST\u0104PIENIA OD UMOWY (ZA\u0141\u0104CZNIK NUMER 2 DO USTAWY O PRAWACH KONSUMENTA) Wz\u00f3r formularza odst\u0105pienia od umowy(formularz ten nale\u017cy wype\u0142ni\u0107 i odes\u0142a\u0107 tylko w przypadku ch\u0119ci odst\u0105pienia od umowy) \u2013 Adresat: _____________________________________________________________ [w tym miejscu nale\u017cy wpisa\u0107 nazw\u0119 przedsi\u0119biorcy, pe\u0142ny adres pocztowy oraz, o ile jest dost\u0119pny adres e-mail] [&hellip;]<\/p>\n","protected":false},"author":1,"featured_media":0,"parent":0,"menu_order":0,"comment_status":"closed","ping_status":"closed","template":"page-templates\/template-pagebuilder-full-width.php","meta":{"footnotes":""},"class_list":["post-274","page","type-page","status-publish","hentry"],"_links":{"self":[{"href":"https:\/\/od7bolesci.pl\/index.php?rest_route=\/wp\/v2\/pages\/274","targetHints":{"allow":["GET"]}}],"collection":[{"href":"https:\/\/od7bolesci.pl\/index.php?rest_route=\/wp\/v2\/pages"}],"about":[{"href":"https:\/\/od7bolesci.pl\/index.php?rest_route=\/wp\/v2\/types\/page"}],"author":[{"embeddable":true,"href":"https:\/\/od7bolesci.pl\/index.php?rest_route=\/wp\/v2\/users\/1"}],"replies":[{"embeddable":true,"href":"https:\/\/od7bolesci.pl\/index.php?rest_route=%2Fwp%2Fv2%2Fcomments&post=274"}],"version-history":[{"count":4,"href":"https:\/\/od7bolesci.pl\/index.php?rest_route=\/wp\/v2\/pages\/274\/revisions"}],"predecessor-version":[{"id":278,"href":"https:\/\/od7bolesci.pl\/index.php?rest_route=\/wp\/v2\/pages\/274\/revisions\/278"}],"wp:attachment":[{"href":"https:\/\/od7bolesci.pl\/index.php?rest_route=%2Fwp%2Fv2%2Fmedia&parent=274"}],"curies":[{"name":"wp","href":"https:\/\/api.w.org\/{rel}","templated":true}]}}