{"id":15,"date":"2025-06-19T17:02:58","date_gmt":"2025-06-19T15:02:58","guid":{"rendered":"https:\/\/od7bolesci.pl\/?page_id=15"},"modified":"2026-03-23T09:41:02","modified_gmt":"2026-03-23T08:41:02","slug":"kontakt","status":"publish","type":"page","link":"https:\/\/od7bolesci.pl\/?page_id=15","title":{"rendered":"Kontakt"},"content":{"rendered":"\t\t<div data-elementor-type=\"wp-page\" data-elementor-id=\"15\" class=\"elementor elementor-15\">\n\t\t\t\t<div class=\"elementor-element elementor-element-edbf28f e-flex e-con-boxed e-con e-parent\" data-id=\"edbf28f\" data-element_type=\"container\">\n\t\t\t\t\t<div class=\"e-con-inner\">\n\t\t\t\t<div class=\"elementor-element elementor-element-69ec7a6 elementor-widget elementor-widget-spacer\" data-id=\"69ec7a6\" data-element_type=\"widget\" data-widget_type=\"spacer.default\">\n\t\t\t\t<div class=\"elementor-widget-container\">\n\t\t\t\t\t\t\t<div class=\"elementor-spacer\">\n\t\t\t<div class=\"elementor-spacer-inner\"><\/div>\n\t\t<\/div>\n\t\t\t\t\t\t<\/div>\n\t\t\t\t<\/div>\n\t\t\t\t<div class=\"elementor-element elementor-element-695d073 elementor-widget elementor-widget-text-editor\" data-id=\"695d073\" data-element_type=\"widget\" data-widget_type=\"text-editor.default\">\n\t\t\t\t<div class=\"elementor-widget-container\">\n\t\t\t\t\t\t\t\t\t<p><strong>Wydawnictwo Od Siedmiu Bole\u015bci<\/strong><\/p>\n<p>Napisz do nas:<br>wydawnictwo@od7bolesci.pl<\/p>\n<p><\/p>\n<p><strong>Propozycje wydawnicze<\/strong><\/p>\n<p><span style=\"font-size: inherit;\">Nab\u00f3r trwa do 31.05.2026.<\/span><br><span style=\"font-size: inherit;\">Propozycje przyjmujemy pod adresem: propozycje@od7bolesci.pl<\/span><br><span style=\"font-size: inherit;\">W tytule maila wpisz tytu\u0142 oraz gatunek powie\u015bci.<\/span><br><span style=\"font-size: inherit;\">Propozycja powinna zawiera\u0107 uko\u0144czony tekst, streszczenie oraz biogram autora.<\/span><br><span style=\"font-size: inherit;\">Oferujemy wsp\u00f3\u0142prac\u0119 w trybie tradycyjnym (autor nie p\u0142aci za wydanie ksi\u0105\u017cki). Wydajemy powie\u015bci obyczajowe, romanse, komedie romantyczne.<\/span><br><span style=\"font-size: inherit;\">Je\u015bli piszesz w takim gatunku i czujesz, \u017ce wsp\u00f3\u0142praca <\/span><span style=\"font-size: inherit;\">z nami to co\u015b dla Ciebie, czekamy na Twoje zg\u0142oszenie.<\/span><\/p>\t\t\t\t\t\t\t\t<\/div>\n\t\t\t\t<\/div>\n\t\t\t\t\t<\/div>\n\t\t\t\t<\/div>\n\t\t\t\t<\/div>\n\t\t","protected":false},"excerpt":{"rendered":"<p>Wydawnictwo Od Siedmiu Bole\u015bci Napisz do nas:wydawnictwo@od7bolesci.pl Propozycje wydawnicze Nab\u00f3r trwa do 31.05.2026.Propozycje przyjmujemy pod adresem: propozycje@od7bolesci.plW tytule maila wpisz tytu\u0142 oraz gatunek powie\u015bci.Propozycja powinna zawiera\u0107 uko\u0144czony tekst, streszczenie oraz biogram autora.Oferujemy wsp\u00f3\u0142prac\u0119 w trybie tradycyjnym (autor nie p\u0142aci za wydanie ksi\u0105\u017cki). Wydajemy powie\u015bci obyczajowe, romanse, komedie romantyczne.Je\u015bli piszesz w [&hellip;]<\/p>\n","protected":false},"author":1,"featured_media":7,"parent":0,"menu_order":0,"comment_status":"closed","ping_status":"closed","template":"page-templates\/template-pagebuilder-full-width.php","meta":{"footnotes":""},"class_list":["post-15","page","type-page","status-publish","has-post-thumbnail","hentry"],"_links":{"self":[{"href":"https:\/\/od7bolesci.pl\/index.php?rest_route=\/wp\/v2\/pages\/15","targetHints":{"allow":["GET"]}}],"collection":[{"href":"https:\/\/od7bolesci.pl\/index.php?rest_route=\/wp\/v2\/pages"}],"about":[{"href":"https:\/\/od7bolesci.pl\/index.php?rest_route=\/wp\/v2\/types\/page"}],"author":[{"embeddable":true,"href":"https:\/\/od7bolesci.pl\/index.php?rest_route=\/wp\/v2\/users\/1"}],"replies":[{"embeddable":true,"href":"https:\/\/od7bolesci.pl\/index.php?rest_route=%2Fwp%2Fv2%2Fcomments&post=15"}],"version-history":[{"count":19,"href":"https:\/\/od7bolesci.pl\/index.php?rest_route=\/wp\/v2\/pages\/15\/revisions"}],"predecessor-version":[{"id":384,"href":"https:\/\/od7bolesci.pl\/index.php?rest_route=\/wp\/v2\/pages\/15\/revisions\/384"}],"wp:featuredmedia":[{"embeddable":true,"href":"https:\/\/od7bolesci.pl\/index.php?rest_route=\/wp\/v2\/media\/7"}],"wp:attachment":[{"href":"https:\/\/od7bolesci.pl\/index.php?rest_route=%2Fwp%2Fv2%2Fmedia&parent=15"}],"curies":[{"name":"wp","href":"https:\/\/api.w.org\/{rel}","templated":true}]}}